{"id":91,"date":"2017-09-18T18:56:55","date_gmt":"2017-09-18T16:56:55","guid":{"rendered":"http:\/\/jmkict.cz\/?page_id=91"},"modified":"2021-08-04T11:30:33","modified_gmt":"2021-08-04T09:30:33","slug":"kontakty","status":"publish","type":"page","link":"https:\/\/jmkict.cz\/?page_id=91","title":{"rendered":"Kontakt"},"content":{"rendered":"\n<div class=\"container\">\n<div class=\"footer-widget-wrap\">\n<div id=\"sidebar-widgets-area-2\" class=\"col-md-4 col-sm-6 col-xs-12 widget-box\">\n<div class=\"widget widget_text\">\n<h3><strong>S\u00eddlo spole\u010dnosti:<\/strong><\/h3>\n<div class=\"textwidget\"><strong>JMK ICT s.r.o.<\/strong><br>Jaurisova 515\/4<br>Praha 4 Michle<\/div>\n<div class=\"textwidget\">140 00\n<h3><strong>Kancel\u00e1\u0159 a servis:<\/strong><\/h3>\n<div class=\"textwidget\">Ruprechtick\u00e1 387\/49<br>Liberec<br>46001<br><strong>I\u010cP: 1013610661<br><\/strong><br><\/div>\n<p><strong>e-mail:<\/strong> info@jmkict.cz<\/p>\n<p><strong>tel.:<\/strong> +420 739 402 982<\/p><br>\n<p><strong>I\u010c: <\/strong>06036520<br><strong>DI\u010c: <\/strong>CZ06036520<br><strong>Datov\u00e1 schr\u00e1nka: <\/strong>ncqihed<\/p>\n<\/div>\n<hr>\n<p><strong>Martin Koukal<br><\/strong>Libereck\u00fd kraj a okol\u00ed<strong><br><\/strong><strong>e-mail:<\/strong> martin.koukal@jmkict.cz<br><strong>mobil:<\/strong> +420 739 402 982<\/p><br>\n<p><strong>Bc. Michal Kadecka<br><\/strong>Libereck\u00fd kraj a okol\u00ed<strong><br><\/strong><strong>e-mail:<\/strong> michal.kadecka@jmkict.cz<br><strong>mobil:<\/strong> +420 776 079 859<\/p><br>\n<br <p=\"\"><strong>Bc. Jan Ma\u0161tal\u00ed\u0159<br><\/strong>Praha a okol\u00ed<strong><br><\/strong><strong>e-mail:<\/strong> jan.mastalir@jmkict.cz<br><strong>mobil:<\/strong> +420 739 936 519<p><\/p>\n<\/div>\n<br><br>\n<\/div>\n<div id=\"sidebar-widgets-area-2\" class=\"col-md-5 col-sm-6 col-xs-12 widget-box\">\n<div class=\"widget widget_text\">\n<h3 class=\"widget-title\">Pro v\u00edce informac\u00ed n\u00e1s kontaktujte:<\/h3>\n<div class=\"textwidget\"><div class=\"wpcf7 no-js\" id=\"wpcf7-f74-o1\" lang=\"cs-CZ\" dir=\"ltr\">\n<div class=\"screen-reader-response\"><p role=\"status\" aria-live=\"polite\" aria-atomic=\"true\"><\/p> <ul><\/ul><\/div>\n<form action=\"\/index.php?rest_route=%2Fwp%2Fv2%2Fpages%2F91#wpcf7-f74-o1\" method=\"post\" class=\"wpcf7-form init\" aria-label=\"Kontaktn\u00ed formul\u00e1\u0159\" novalidate=\"novalidate\" data-status=\"init\">\n<div style=\"display: none;\">\n<input type=\"hidden\" name=\"_wpcf7\" value=\"74\" \/>\n<input type=\"hidden\" name=\"_wpcf7_version\" value=\"5.7.2\" \/>\n<input type=\"hidden\" name=\"_wpcf7_locale\" value=\"cs_CZ\" \/>\n<input type=\"hidden\" name=\"_wpcf7_unit_tag\" value=\"wpcf7-f74-o1\" \/>\n<input type=\"hidden\" name=\"_wpcf7_container_post\" value=\"0\" \/>\n<input type=\"hidden\" name=\"_wpcf7_posted_data_hash\" value=\"\" \/>\n<\/div>\n<p><label> Va\u0161e jm\u00e9no (vy\u017eadov\u00e1no)<br \/>\n<span class=\"wpcf7-form-control-wrap\" data-name=\"your-name\"><input size=\"40\" class=\"wpcf7-form-control wpcf7-text wpcf7-validates-as-required\" aria-required=\"true\" aria-invalid=\"false\" value=\"\" type=\"text\" name=\"your-name\" \/><\/span> <\/label>\n<\/p>\n<p><label> V\u00e1\u0161 e-mail (vy\u017eadov\u00e1no)<br \/>\n<span class=\"wpcf7-form-control-wrap\" data-name=\"your-email\"><input size=\"40\" class=\"wpcf7-form-control wpcf7-text wpcf7-email wpcf7-validates-as-required wpcf7-validates-as-email\" aria-required=\"true\" aria-invalid=\"false\" value=\"\" type=\"email\" name=\"your-email\" \/><\/span> <\/label>\n<\/p>\n<p><label> P\u0159edm\u011bt<br \/>\n<span class=\"wpcf7-form-control-wrap\" data-name=\"your-subject\"><input size=\"40\" class=\"wpcf7-form-control wpcf7-text\" aria-invalid=\"false\" value=\"\" type=\"text\" name=\"your-subject\" \/><\/span> <\/label>\n<\/p>\n<p><label> Va\u0161e zpr\u00e1va<br \/>\n<span class=\"wpcf7-form-control-wrap\" data-name=\"your-message\"><textarea cols=\"40\" rows=\"10\" class=\"wpcf7-form-control wpcf7-textarea\" aria-invalid=\"false\" name=\"your-message\"><\/textarea><\/span> <\/label>\n<\/p>\n<p><input class=\"wpcf7-form-control has-spinner wpcf7-submit\" type=\"submit\" value=\"Odeslat\" \/>\n<\/p><div class=\"wpcf7-response-output\" aria-hidden=\"true\"><\/div><\/form><\/div><\/div>\n<\/div>\n<\/div>\n<\/div>\n<\/div>\n","protected":false},"excerpt":{"rendered":"<p>S\u00eddlo spole\u010dnosti: JMK ICT s.r.o.Jaurisova 515\/4Praha 4 Michle 140 00 Kancel\u00e1\u0159 a servis: Ruprechtick\u00e1 387\/49Liberec46001I\u010cP: 1013610661 e-mail: info@jmkict.cz tel.: +420 739 402 982 I\u010c: 06036520DI\u010c: CZ06036520Datov\u00e1 schr\u00e1nka: ncqihed Martin KoukalLibereck\u00fd kraj a okol\u00ede-mail: martin.koukal@jmkict.czmobil: +420 739 402 982 Bc. Michal KadeckaLibereck\u00fd kraj a okol\u00ede-mail: michal.kadecka@jmkict.czmobil: +420 776 079 859<\/p>\n","protected":false},"author":1,"featured_media":0,"parent":0,"menu_order":0,"comment_status":"closed","ping_status":"closed","template":"","meta":[],"_links":{"self":[{"href":"https:\/\/jmkict.cz\/index.php?rest_route=\/wp\/v2\/pages\/91"}],"collection":[{"href":"https:\/\/jmkict.cz\/index.php?rest_route=\/wp\/v2\/pages"}],"about":[{"href":"https:\/\/jmkict.cz\/index.php?rest_route=\/wp\/v2\/types\/page"}],"author":[{"embeddable":true,"href":"https:\/\/jmkict.cz\/index.php?rest_route=\/wp\/v2\/users\/1"}],"replies":[{"embeddable":true,"href":"https:\/\/jmkict.cz\/index.php?rest_route=%2Fwp%2Fv2%2Fcomments&post=91"}],"version-history":[{"count":98,"href":"https:\/\/jmkict.cz\/index.php?rest_route=\/wp\/v2\/pages\/91\/revisions"}],"predecessor-version":[{"id":486,"href":"https:\/\/jmkict.cz\/index.php?rest_route=\/wp\/v2\/pages\/91\/revisions\/486"}],"wp:attachment":[{"href":"https:\/\/jmkict.cz\/index.php?rest_route=%2Fwp%2Fv2%2Fmedia&parent=91"}],"curies":[{"name":"wp","href":"https:\/\/api.w.org\/{rel}","templated":true}]}}